{"id":594,"date":"2012-05-10T18:10:36","date_gmt":"2012-05-10T18:10:36","guid":{"rendered":"http:\/\/www.sambanda.nl\/nieuw\/?page_id=594"},"modified":"2013-08-13T19:12:42","modified_gmt":"2013-08-13T19:12:42","slug":"bevriende-sambabands","status":"publish","type":"page","link":"https:\/\/www.sambanda.nl\/?page_id=594","title":{"rendered":"Bevriende sambabands"},"content":{"rendered":"<p><strong>Door de jaren heen heeft Sambanda op allerlei verschillende plekken in binnen- en buitenland haar muziek ten gehore gebracht. Op festivals, parades, braderie\u00ebn, overal kom je ook andere sambabands tegen. Met een aantal heeft Sambanda een speciale band. Wanneer u Sambanda wilt boeken maar wij kunnen onverhoopt niet komen, dan kunnen wij u onderstaande bands van harte aanbevelen.<\/strong><\/p>\n<h3><\/h3>\n<p>&nbsp;<\/p>\n<h3><strong><a href=\"http:\/\/www.sambanda.nl\/wp-content\/uploads\/2013\/03\/SambaCinco2013140054.jpg\"><img loading=\"lazy\" decoding=\"async\" class=\"alignleft\" title=\"SambaCinco2013140054\" src=\"http:\/\/www.sambanda.nl\/wp-content\/uploads\/2013\/03\/SambaCinco2013140054-300x199.jpg\" alt=\"\" width=\"240\" height=\"159\" \/><\/a><span style=\"color: #009900;\">Slagwerkgroep BAM, Made<\/span><\/strong><\/h3>\n<p>Helemaal aan de andere kant van Brabant uit Made resideert slagwerkgroep BAM. BAM staat voor \u2018Behoorlijk Aangeschoten Mayen\u00e8rs\u2019, en met zo\u2019n afkorting heb je de aandacht van Sambanda snel te pakken. Ook overeenkomstig met de organisatoren bestaat BAM uit louter mannen. BAM is in 2010 begonnen en bestaat inmiddels uit 7 personen, hun bandnaam hebben ze inmiddels meer dan waargemaakt! Kijk voor meer informatie over BAM op <a href=\"http:\/\/www.bam-made.nl\" target=\"_blank\">bam-made.nl<\/a><\/p>\n<p>&nbsp;<\/p>\n<h3><strong><a href=\"http:\/\/www.sambanda.nl\/wp-content\/uploads\/2013\/03\/SambaCinco2013184004.jpg\"><img loading=\"lazy\" decoding=\"async\" class=\"alignleft  wp-image-1501\" title=\"SambaCinco2013184004\" src=\"http:\/\/www.sambanda.nl\/wp-content\/uploads\/2013\/03\/SambaCinco2013184004-300x199.jpg\" alt=\"\" width=\"241\" height=\"164\" \/><\/a><span style=\"color: #009900;\">Frieddrums, Berlijn (Dui)<\/span><br \/>\n<\/strong><\/h3>\n<p>Op zo\u2019n 650 kilometer ten oosten van Boekel bevindt zich de thuisbasis van Frieddrums. Helemaal uit Berlijn komt de band richting Boekel om te doen waar ze goed in zijn: knallen! Tijdens Bremer Karneval is Frieddrums altijd \u00e9\u00e9n van de topacts en hun energieke, originele en vari\u00ebrende performances zullen eenieder nog lang heugen. Als eerste internationale band completeert Frieddrums de gastenlijst voor bands. Meer over Frieddrums op hun Myspacepagina: <a href=\"http:\/\/myspace.com\/frieddrums\" target=\"_blank\">myspace.com\/frieddrums<\/a><\/p>\n<p>&nbsp;<\/p>\n<h3><strong><a href=\"http:\/\/www.sambanda.nl\/wp-content\/uploads\/2013\/03\/SambaCinco2013133029.jpg\"><img loading=\"lazy\" decoding=\"async\" class=\"alignleft  wp-image-1433\" title=\"SambaCinco2013133029\" src=\"http:\/\/www.sambanda.nl\/wp-content\/uploads\/2013\/03\/SambaCinco2013133029-300x199.jpg\" alt=\"\" width=\"240\" height=\"159\" srcset=\"https:\/\/www.sambanda.nl\/wp-content\/uploads\/2013\/03\/SambaCinco2013133029-300x199.jpg 300w, https:\/\/www.sambanda.nl\/wp-content\/uploads\/2013\/03\/SambaCinco2013133029-136x90.jpg 136w, https:\/\/www.sambanda.nl\/wp-content\/uploads\/2013\/03\/SambaCinco2013133029.jpg 800w\" sizes=\"auto, (max-width: 240px) 100vw, 240px\" \/><\/a><span style=\"color: #009900;\">Los Bandos, Geldermalsen<\/span><\/strong><\/h3>\n<p>Samba Los Bandos komt uit de Betuwe. Frontman Peter is met zijn dansende deerne fervent bezoeker van sambafestivals als Samba Cinco en ditmaal staat zijn band \u00f3p het podium. Daar zullen ze voornamelijk echte swingende beats uit Brazili\u00eb ten gehore brengen. Los Bandos bracht iedereen in gedachten in Rio tijdens Samba Cinco 2013! Zie ook <a href=\"http:\/\/www.sambalosbandos.nl\" target=\"_blank\">sambalosbandos.nl<\/a><\/p>\n<p>&nbsp;<\/p>\n<h3><\/h3>\n<h3><span style=\"color: #009900;\"><strong><a href=\"http:\/\/www.sambanda.nl\/wp-content\/uploads\/2013\/03\/SambaCinco2013160408.jpg\"><img loading=\"lazy\" decoding=\"async\" class=\"alignleft  wp-image-1474\" title=\"SambaCinco2013160408\" src=\"http:\/\/www.sambanda.nl\/wp-content\/uploads\/2013\/03\/SambaCinco2013160408-300x199.jpg\" alt=\"\" width=\"239\" height=\"158\" srcset=\"https:\/\/www.sambanda.nl\/wp-content\/uploads\/2013\/03\/SambaCinco2013160408-300x199.jpg 300w, https:\/\/www.sambanda.nl\/wp-content\/uploads\/2013\/03\/SambaCinco2013160408-136x90.jpg 136w, https:\/\/www.sambanda.nl\/wp-content\/uploads\/2013\/03\/SambaCinco2013160408.jpg 800w\" sizes=\"auto, (max-width: 239px) 100vw, 239px\" \/><\/a>Banda Nobra, Eindhoven<\/strong><\/span><\/h3>\n<p>De uit Eindhoven afkomstige band weet indruk te maken met een breed scala aan muziekstukken en een verpletterende performance. Ook op de steeldrums laten ze zien dat ze niet bang is om te vernieuwen en te blijven boeien. Na de ontmoeting tussen Banda Nobra en Sambanda in Bremen klikte het meteen! Om meer over Banda Nobra te weten te komen, ga naar <a href=\"http:\/\/www.bandanobra.nl\" target=\"_blank\">www.bandanobra.nl<\/a><\/p>\n<p>&nbsp;<\/p>\n<h3><span style=\"color: #009900;\"><strong><a href=\"http:\/\/www.sambanda.nl\/wp-content\/uploads\/2012\/05\/38_SambaCincoP1032333_G.jpg\"><img loading=\"lazy\" decoding=\"async\" class=\"alignleft  wp-image-602\" title=\"38_SambaCincoP1032333_G\" src=\"http:\/\/www.sambanda.nl\/wp-content\/uploads\/2012\/05\/38_SambaCincoP1032333_G-300x225.jpg\" alt=\"\" width=\"240\" height=\"180\" srcset=\"https:\/\/www.sambanda.nl\/wp-content\/uploads\/2012\/05\/38_SambaCincoP1032333_G-300x225.jpg 300w, https:\/\/www.sambanda.nl\/wp-content\/uploads\/2012\/05\/38_SambaCincoP1032333_G-136x102.jpg 136w, https:\/\/www.sambanda.nl\/wp-content\/uploads\/2012\/05\/38_SambaCincoP1032333_G.jpg 650w\" sizes=\"auto, (max-width: 240px) 100vw, 240px\" \/><\/a>Sambarooi, Sint Oedenrode<\/strong><\/span><\/h3>\n<p>Deze enthousiaste club vrienden wordt geleid door Jeroen Engel, die toevallig ook aan het roer staat van Banda Nobra. Samba Rooi laat zichzelf omschrijven als &#8216;een enthousiaste vriendengroep die een zeer serieuze, maar zeker ook een prettige, lollige, idiote en gestoorde kant kent&#8217;. Dat belooft wat! Voor meer informatie over Samba Rooi kun je terecht op <a href=\"http:\/\/www.sambarooi.nl\" target=\"_blank\">www.sambarooi.nl<\/a><\/p>\n<p>&nbsp;<\/p>\n<h3><\/h3>\n<h3><span style=\"color: #009900;\"><strong><a href=\"http:\/\/www.sambanda.nl\/wp-content\/uploads\/2012\/05\/30_SambaCinco1741_G.jpg\"><img loading=\"lazy\" decoding=\"async\" class=\"alignleft  wp-image-601\" title=\"30_SambaCinco1741_G\" src=\"http:\/\/www.sambanda.nl\/wp-content\/uploads\/2012\/05\/30_SambaCinco1741_G-300x225.jpg\" alt=\"\" width=\"240\" height=\"180\" srcset=\"https:\/\/www.sambanda.nl\/wp-content\/uploads\/2012\/05\/30_SambaCinco1741_G-300x225.jpg 300w, https:\/\/www.sambanda.nl\/wp-content\/uploads\/2012\/05\/30_SambaCinco1741_G-136x102.jpg 136w, https:\/\/www.sambanda.nl\/wp-content\/uploads\/2012\/05\/30_SambaCinco1741_G.jpg 650w\" sizes=\"auto, (max-width: 240px) 100vw, 240px\" \/><\/a>Batedeira, Vught<\/strong><\/span><\/h3>\n<p>De band is ruim 15 jaar geleden opgericht en mag zichzelf daarmee een behoorlijk ervaren band noemen. Nadat de naam Batedeira eigenlijk zomaar werd gekozen, bleek later dat deze term (beslag)mixer betekent, of in Brazili\u00eb-straattaal: een gammele, luidruchtige auto. Een gemixt gezelschap van lawaaimakers dus, dat hebben we op Samba Cinco 1 wel gezien! Kijk ook op <a href=\"http:\/\/www.batedeira.nl\" target=\"_blank\">www.batedeira.nl<\/a><\/p>\n<p>&nbsp;<\/p>\n<h3><span style=\"color: #009900;\"><strong><a href=\"http:\/\/www.sambanda.nl\/wp-content\/uploads\/2012\/05\/30_SambaCinco1843_G.jpg\"><img loading=\"lazy\" decoding=\"async\" class=\"alignleft  wp-image-606\" title=\"30_SambaCinco1843_G\" src=\"http:\/\/www.sambanda.nl\/wp-content\/uploads\/2012\/05\/30_SambaCinco1843_G-300x222.jpg\" alt=\"\" width=\"240\" height=\"177\" srcset=\"https:\/\/www.sambanda.nl\/wp-content\/uploads\/2012\/05\/30_SambaCinco1843_G-300x222.jpg 300w, https:\/\/www.sambanda.nl\/wp-content\/uploads\/2012\/05\/30_SambaCinco1843_G-136x101.jpg 136w, https:\/\/www.sambanda.nl\/wp-content\/uploads\/2012\/05\/30_SambaCinco1843_G.jpg 650w\" sizes=\"auto, (max-width: 240px) 100vw, 240px\" \/><\/a>A Batucada, Reusel<\/strong><\/span><\/h3>\n<p>Het bonte gezelschap uit Reusel vond in 1999 haar oorsprong en draait dus ook al ruim een decennium lang mee in het sambawereldje. A Batucada betekent &#8216;slagwerk&#8217;, een naam die natuurlijk perfect past bij het 21-tal. Ook A Batucada timmert flink aan de weg, daar zij dit jaar vergezeld werden van een heuse jeugdafdeling van de band! Kijk voor meer info op <a href=\"http:\/\/www.a-batucada.nl\" target=\"_blank\">www.a-batucada.nl<\/a><\/p>\n<p>&nbsp;<\/p>\n<h3><span style=\"color: #009900;\"><strong><a href=\"http:\/\/www.sambanda.nl\/wp-content\/uploads\/2012\/05\/38_SambaCincoP1032318_G.jpg\"><img loading=\"lazy\" decoding=\"async\" class=\"alignleft  wp-image-600\" title=\"38_SambaCincoP1032318_G\" src=\"http:\/\/www.sambanda.nl\/wp-content\/uploads\/2012\/05\/38_SambaCincoP1032318_G-300x225.jpg\" alt=\"\" width=\"240\" height=\"180\" srcset=\"https:\/\/www.sambanda.nl\/wp-content\/uploads\/2012\/05\/38_SambaCincoP1032318_G-300x225.jpg 300w, https:\/\/www.sambanda.nl\/wp-content\/uploads\/2012\/05\/38_SambaCincoP1032318_G-136x102.jpg 136w, https:\/\/www.sambanda.nl\/wp-content\/uploads\/2012\/05\/38_SambaCincoP1032318_G.jpg 650w\" sizes=\"auto, (max-width: 240px) 100vw, 240px\" \/><\/a>Banda Loco, Waalre en Nuenen<\/strong><\/span><\/h3>\n<p>Banda Loco is een enthousiaste groep slagwerkers, bestaande uit 13 mannen en 7 vrouwen. Oorspronkelijk in 2001 opgericht door mensen afkomstig uit de omgeving van Waalre fuseerden zij in 2006 met het Nuenense Os Badajos. &#8220;Wij zoeken de bevolking op. Je merkt gewoon dat mensen niet stil kunnen blijven staan wanneer wij onze muziek ten gehore brengen&#8221;, aldus \u00e9\u00e9n van de oprichters. Kijk ook op <a href=\"http:\/\/www.bandaloco.nl\" target=\"_blank\">www.bandaloco.nl<\/a><\/p>\n<p>&nbsp;<\/p>\n<h3><span style=\"color: #009900;\"><strong><a href=\"http:\/\/www.sambanda.nl\/wp-content\/uploads\/2012\/05\/38_SambaCincoP1032340_G.jpg\"><img loading=\"lazy\" decoding=\"async\" class=\"alignleft  wp-image-607\" title=\"38_SambaCincoP1032340_G\" src=\"http:\/\/www.sambanda.nl\/wp-content\/uploads\/2012\/05\/38_SambaCincoP1032340_G-300x225.jpg\" alt=\"\" width=\"240\" height=\"180\" srcset=\"https:\/\/www.sambanda.nl\/wp-content\/uploads\/2012\/05\/38_SambaCincoP1032340_G-300x225.jpg 300w, https:\/\/www.sambanda.nl\/wp-content\/uploads\/2012\/05\/38_SambaCincoP1032340_G-136x102.jpg 136w, https:\/\/www.sambanda.nl\/wp-content\/uploads\/2012\/05\/38_SambaCincoP1032340_G.jpg 650w\" sizes=\"auto, (max-width: 240px) 100vw, 240px\" \/><\/a>Losbandig, Berkel-Enschot<\/strong><\/span><\/h3>\n<p>Losbandig uit Berkel-Enschot is een verhaal apart. Sambanda bestaat dan misschien enkel uit mannen, Losbandig juist uit vrouwen. Alhoewel nee, \u00e9\u00e9n man. Samen houden het toch al 13 jaar samen uit. Gezelligheid is hun drijfveer. Begonnen als een geintje op een feestje en kijk waar ze nu staan. En wie is er nou niet jaloers op Marcel! Kijk ook op <a href=\"http:\/\/www.losbandig.com\" target=\"_blank\">www.losbandig.com<\/a><\/p>\n<p>&nbsp;<\/p>\n<h3><\/h3>\n<h3><span style=\"color: #009900;\"><strong><a href=\"http:\/\/www.sambanda.nl\/wp-content\/uploads\/2012\/05\/brandeleros.jpg\"><img loading=\"lazy\" decoding=\"async\" class=\"alignleft  wp-image-603\" title=\"brandeleros\" src=\"http:\/\/www.sambanda.nl\/wp-content\/uploads\/2012\/05\/brandeleros-300x172.jpg\" alt=\"\" width=\"240\" height=\"137\" srcset=\"https:\/\/www.sambanda.nl\/wp-content\/uploads\/2012\/05\/brandeleros-300x172.jpg 300w, https:\/\/www.sambanda.nl\/wp-content\/uploads\/2012\/05\/brandeleros-136x78.jpg 136w, https:\/\/www.sambanda.nl\/wp-content\/uploads\/2012\/05\/brandeleros.jpg 350w\" sizes=\"auto, (max-width: 240px) 100vw, 240px\" \/><\/a>Brandeleros, Helmond Brandevoort<\/strong><\/span><\/h3>\n<p>De naam Brandeleros is ontstaan uit de namen Brandevoort en Brandeliers. Om het geheel een Braziliaans tintje te geven is het Brandeleros geworden! Een hele passende naam voor een heel gezellig, swingend en vooral muzikaal gezelschap! Als benjamin van de bands &#8211; Brandeleros bestaat sinds 2008 &#8211; speelden ze op Samba Cinco in 2011 &#8211; Kijk ook op <a href=\"http:\/\/www.brandeleros.nl\" target=\"_blank\">www.brandeleros.nl<\/a><\/p>\n<p>&nbsp;<\/p>\n<h3><span style=\"color: #009900;\"><strong><a href=\"http:\/\/www.sambanda.nl\/wp-content\/uploads\/2012\/05\/Elnino.jpg\"><img loading=\"lazy\" decoding=\"async\" class=\"alignleft  wp-image-604\" title=\"Elnino\" src=\"http:\/\/www.sambanda.nl\/wp-content\/uploads\/2012\/05\/Elnino-300x204.jpg\" alt=\"\" width=\"240\" height=\"163\" srcset=\"https:\/\/www.sambanda.nl\/wp-content\/uploads\/2012\/05\/Elnino-300x204.jpg 300w, https:\/\/www.sambanda.nl\/wp-content\/uploads\/2012\/05\/Elnino-136x92.jpg 136w, https:\/\/www.sambanda.nl\/wp-content\/uploads\/2012\/05\/Elnino.jpg 350w\" sizes=\"auto, (max-width: 240px) 100vw, 240px\" \/><\/a>El Ni\u00f1o, Tilburg<\/strong><\/span><\/h3>\n<p>Ook El Ni\u00f1o zit zeker niet stil: naast bijdragen aan het goede doel organiseerde de band vijfmaal hun eigen muziekfestival Tilburg Tambor, waar vele (inter)nationale acts als Slagerij van Kampen op het programma stonden. Daarnaast speelde de band in Brazili\u00eb tijdens het grootste carnaval ter wereld en in nam men ook nog even twee CD&#8217;s op. Kijk ook op <a href=\"http:\/\/www.elninobatucada.nl\" target=\"_blank\">www.elninobatucada.nl<\/a><\/p>\n<p>&nbsp;<\/p>\n<h3><span style=\"color: #009900;\"><strong><a href=\"http:\/\/www.sambanda.nl\/wp-content\/uploads\/2012\/05\/Xammeramme.jpg\"><img loading=\"lazy\" decoding=\"async\" class=\"alignleft  wp-image-609\" title=\"Xammeramme\" src=\"http:\/\/www.sambanda.nl\/wp-content\/uploads\/2012\/05\/Xammeramme-300x186.jpg\" alt=\"\" width=\"240\" height=\"148\" srcset=\"https:\/\/www.sambanda.nl\/wp-content\/uploads\/2012\/05\/Xammeramme-300x186.jpg 300w, https:\/\/www.sambanda.nl\/wp-content\/uploads\/2012\/05\/Xammeramme-136x84.jpg 136w, https:\/\/www.sambanda.nl\/wp-content\/uploads\/2012\/05\/Xammeramme.jpg 350w\" sizes=\"auto, (max-width: 240px) 100vw, 240px\" \/><\/a>XammeRamme, Hoeven<\/strong><\/span><\/h3>\n<p>De uit Hoeven afkomstige sambaband XammeRamme doet m\u00e9\u00e9r dan samen rammen. Naast hun reguliere optredens draagt XammeRamme ook een steentje bij aan kansarme kinderen in Brazili\u00eb, die dankzij de hulp van de band \u00f3\u00f3k sambamuziek kunnen maken. Dat XammeRamme wel degelijk ook kan rammen, zullen ze op Samba Cinco laten zien! Kijk ook op <a href=\"http:\/\/www.xammeramme.nl\" target=\"_blank\">www.xammeramme.nl<\/a><\/p>\n<p>&nbsp;<\/p>\n<h3><span style=\"color: #009900;\"><strong><a href=\"http:\/\/www.sambanda.nl\/wp-content\/uploads\/2012\/05\/impulsao.jpg\"><img loading=\"lazy\" decoding=\"async\" class=\"alignleft  wp-image-971\" title=\"impulsao\" src=\"http:\/\/www.sambanda.nl\/wp-content\/uploads\/2012\/05\/impulsao-300x144.jpg\" alt=\"\" width=\"240\" height=\"115\" srcset=\"https:\/\/www.sambanda.nl\/wp-content\/uploads\/2012\/05\/impulsao-300x144.jpg 300w, https:\/\/www.sambanda.nl\/wp-content\/uploads\/2012\/05\/impulsao-136x65.jpg 136w, https:\/\/www.sambanda.nl\/wp-content\/uploads\/2012\/05\/impulsao.jpg 650w\" sizes=\"auto, (max-width: 240px) 100vw, 240px\" \/><\/a>Impuls\u00e3o, &#8216;s-Hertogenbosch<\/strong><\/span><\/h3>\n<p>De Bosschenaren van Impuls\u00e3o! doen net even wat anders. Zij spelen namelijk Maracatu, een muziekstijl waarbij men gebruik maakt van houten, met touwen gespannen trommels. Hoewel de bandleden al zeer ervaren zijn in deze stijl, is de huidige formatie in april 2011 opgericht. De naam Impuls\u00e3o is vanuit het Portugees vrij te vertalen naar &#8216;opwaartse kracht&#8217;. Kijk ook op <a href=\"http:\/\/www.impulsao.nl\" target=\"_blank\">www.impulsao.nl<\/a><\/p>\n<p>&nbsp;<\/p>\n<h3><span style=\"color: #009900;\"><strong><a href=\"http:\/\/www.sambanda.nl\/wp-content\/uploads\/2012\/05\/Vollepetaj.jpg\"><img loading=\"lazy\" decoding=\"async\" class=\"alignleft  wp-image-605\" title=\"Vollepetaj\" src=\"http:\/\/www.sambanda.nl\/wp-content\/uploads\/2012\/05\/Vollepetaj-300x199.jpg\" alt=\"\" width=\"240\" height=\"159\" srcset=\"https:\/\/www.sambanda.nl\/wp-content\/uploads\/2012\/05\/Vollepetaj-300x199.jpg 300w, https:\/\/www.sambanda.nl\/wp-content\/uploads\/2012\/05\/Vollepetaj-136x90.jpg 136w, https:\/\/www.sambanda.nl\/wp-content\/uploads\/2012\/05\/Vollepetaj.jpg 350w\" sizes=\"auto, (max-width: 240px) 100vw, 240px\" \/><\/a>Bateria Volle Petaj, Maastricht<\/strong><\/span><\/h3>\n<p>Bateria Volle Petaj In de ruim 15 jaren dat Bateria Volle Petaj bestaat, heeft de groep een aardig cv opgebouwd. Trips naar Brazili\u00eb, bijdragen aan het goede doel, verschillende CD&#8217;s opnemen; Bateria Volle Petaj zit niet stil. En zo hoort het, als je de naam van de band vertaalt. &#8216;Volle Petaj&#8217; is namelijk Maastrichts dialect voor &#8216;Met volle kracht, alles geven!&#8217; Kijk ook op <a href=\"http:\/\/www.vollepetaj.com\" target=\"_blank\">www.vollepetaj.com<\/a><\/p>\n","protected":false},"excerpt":{"rendered":"<p>Door de jaren heen heeft Sambanda op allerlei verschillende plekken in binnen- en buitenland haar muziek ten gehore gebracht. Op festivals, parades, braderie\u00ebn, overal kom je ook andere sambabands tegen. Met een aantal heeft Sambanda een speciale band. Wanneer u &hellip; <a href=\"https:\/\/www.sambanda.nl\/?page_id=594\">Lees verder <span class=\"meta-nav\">&rarr;<\/span><\/a><\/p>\n","protected":false},"author":1,"featured_media":0,"parent":0,"menu_order":0,"comment_status":"closed","ping_status":"closed","template":"","meta":{"footnotes":""},"class_list":["post-594","page","type-page","status-publish","hentry"],"_links":{"self":[{"href":"https:\/\/www.sambanda.nl\/index.php?rest_route=\/wp\/v2\/pages\/594","targetHints":{"allow":["GET"]}}],"collection":[{"href":"https:\/\/www.sambanda.nl\/index.php?rest_route=\/wp\/v2\/pages"}],"about":[{"href":"https:\/\/www.sambanda.nl\/index.php?rest_route=\/wp\/v2\/types\/page"}],"author":[{"embeddable":true,"href":"https:\/\/www.sambanda.nl\/index.php?rest_route=\/wp\/v2\/users\/1"}],"replies":[{"embeddable":true,"href":"https:\/\/www.sambanda.nl\/index.php?rest_route=%2Fwp%2Fv2%2Fcomments&post=594"}],"version-history":[{"count":37,"href":"https:\/\/www.sambanda.nl\/index.php?rest_route=\/wp\/v2\/pages\/594\/revisions"}],"predecessor-version":[{"id":1548,"href":"https:\/\/www.sambanda.nl\/index.php?rest_route=\/wp\/v2\/pages\/594\/revisions\/1548"}],"wp:attachment":[{"href":"https:\/\/www.sambanda.nl\/index.php?rest_route=%2Fwp%2Fv2%2Fmedia&parent=594"}],"curies":[{"name":"wp","href":"https:\/\/api.w.org\/{rel}","templated":true}]}}